{"id":701,"date":"2011-05-20T18:49:43","date_gmt":"2011-05-21T01:49:43","guid":{"rendered":"http:\/\/wpthemetestdata.wordpress.com\/?page_id=701"},"modified":"2022-08-14T14:43:55","modified_gmt":"2022-08-14T12:43:55","slug":"front-page","status":"publish","type":"page","link":"https:\/\/www.prather-fotografie.de\/","title":{"rendered":"Halli hallo!"},"content":{"rendered":"\n<div class=\"wp-block-columns is-layout-flex wp-container-core-columns-is-layout-9d6595d7 wp-block-columns-is-layout-flex\">\n<div class=\"wp-block-column is-layout-flow wp-block-column-is-layout-flow\">\n<h1 class=\"wp-block-heading\">Halli Hallo!<\/h1>\n\n\n\n<p>Mein Name ist Jessica Prather und das Fotografieren ist meine Leidenschaft. <\/p>\n\n\n\n<p>F\u00fcr mich ist ein Foto das Einfangen eines Augenblickes, das kurze Anhalten der Zeit und damit die Erz\u00e4hlung einer Geschichte.<\/p>\n\n\n\n<p>Auf dieser Seite m\u00f6chte ich gerne meine Fotografie vorstellen.<\/p>\n\n\n\n<p><strong>Kommt mit auf die Reise! <\/strong><\/p>\n\n\n\n<p>Erreichen k\u00f6nnt ihr mich \u00fcber E-Mail:<\/p>\n\n\n\n<p>jessica &lt;at> prather.de<\/p>\n<\/div>\n\n\n\n<div class=\"wp-block-column is-layout-flow wp-block-column-is-layout-flow\">\n<figure class=\"wp-block-image size-full\"><img loading=\"lazy\" decoding=\"async\" width=\"959\" height=\"960\" src=\"http:\/\/www.prather-fotografie.de\/wp-content\/uploads\/2022\/08\/jessy_fotofoto.jpg\" alt=\"\" class=\"wp-image-1615\" srcset=\"https:\/\/www.prather-fotografie.de\/wp-content\/uploads\/2022\/08\/jessy_fotofoto.jpg 959w, https:\/\/www.prather-fotografie.de\/wp-content\/uploads\/2022\/08\/jessy_fotofoto-300x300.jpg 300w, https:\/\/www.prather-fotografie.de\/wp-content\/uploads\/2022\/08\/jessy_fotofoto-150x150.jpg 150w, https:\/\/www.prather-fotografie.de\/wp-content\/uploads\/2022\/08\/jessy_fotofoto-768x769.jpg 768w\" sizes=\"auto, (max-width: 959px) 100vw, 959px\" \/><\/figure>\n<\/div>\n<\/div>\n\n\n\n<p><\/p>\n","protected":false},"excerpt":{"rendered":"<p>Halli Hallo! Mein Name ist Jessica Prather und das Fotografieren ist meine Leidenschaft. F\u00fcr mich ist ein Foto das Einfangen eines Augenblickes, das kurze Anhalten der Zeit und damit die Erz\u00e4hlung einer Geschichte. Auf dieser Seite m\u00f6chte ich gerne meine Fotografie vorstellen. Kommt mit auf die Reise! Erreichen k\u00f6nnt ihr [&hellip;]<\/p>\n","protected":false},"author":1,"featured_media":1618,"parent":0,"menu_order":0,"comment_status":"open","ping_status":"closed","template":"","meta":{"footnotes":""},"class_list":["post-701","page","type-page","status-publish","has-post-thumbnail","hentry"],"_links":{"self":[{"href":"https:\/\/www.prather-fotografie.de\/index.php\/wp-json\/wp\/v2\/pages\/701","targetHints":{"allow":["GET"]}}],"collection":[{"href":"https:\/\/www.prather-fotografie.de\/index.php\/wp-json\/wp\/v2\/pages"}],"about":[{"href":"https:\/\/www.prather-fotografie.de\/index.php\/wp-json\/wp\/v2\/types\/page"}],"author":[{"embeddable":true,"href":"https:\/\/www.prather-fotografie.de\/index.php\/wp-json\/wp\/v2\/users\/1"}],"replies":[{"embeddable":true,"href":"https:\/\/www.prather-fotografie.de\/index.php\/wp-json\/wp\/v2\/comments?post=701"}],"version-history":[{"count":17,"href":"https:\/\/www.prather-fotografie.de\/index.php\/wp-json\/wp\/v2\/pages\/701\/revisions"}],"predecessor-version":[{"id":1654,"href":"https:\/\/www.prather-fotografie.de\/index.php\/wp-json\/wp\/v2\/pages\/701\/revisions\/1654"}],"wp:featuredmedia":[{"embeddable":true,"href":"https:\/\/www.prather-fotografie.de\/index.php\/wp-json\/wp\/v2\/media\/1618"}],"wp:attachment":[{"href":"https:\/\/www.prather-fotografie.de\/index.php\/wp-json\/wp\/v2\/media?parent=701"}],"curies":[{"name":"wp","href":"https:\/\/api.w.org\/{rel}","templated":true}]}}